What is the remainder when 72 is divided by 9?
0
Calculate the remainder when 176 is divided by 18.
14
What is the remainder when 16 is divided by 15?
1
Calculate the remainder when 39 is divided by 10.
9
What is the remainder when 3256 is divided by 6?
4
Calculate the remainder when 242 is divided by 61.
59
Calculate the remainder when 1034 is divided by 3.
2
Calculate the remainder when 3156 is divided by 1554.
48
What is the remainder when 14093 is divided by 12?
5
What is the remainder when 2498 is divided by 61?
58
Calculate the remainder when 480 is divided by 67.
11
Calculate the remainder when 1245 is divided by 45.
30
Calculate the remainder when 207 is divided by 25.
7
What is the remainder when 58 is divided by 20?
18
Calculate the remainder when 1197 is divided by 114.
57
What is the remainder when 373 is divided by 42?
37
Calculate the remainder when 1970 is divided by 25.
20
Calculate the remainder when 797 is divided by 42.
41
What is the remainder when 7907 is divided by 41?
35
Calculate the remainder when 831 is divided by 64.
63
What is the remainder when 936 is divided by 67?
65
Calculate the remainder when 4281 is divided by 2134.
13
Calculate the remainder when 169 is divided by 49.
22
What is the remainder when 46058 is divided by 94?
92
Calculate the remainder when 498 is divided by 72.
66
What is the remainder when 412 is divided by 6?
4
Calculate the remainder when 567 is divided by 191.
185
Calculate the remainder when 5462 is divided by 69.
11
Calculate the remainder when 87 is divided by 18.
15
Calculate the remainder when 331 is divided by 9.
7
What is the remainder when 444 is divided by 114?
102
What is the remainder when 83 is divided by 73?
10
Calculate the remainder when 621 is divided by 155.
1
What is the remainder when 527 is divided by 44?
43
What is the remainder when 280 is divided by 94?
92
What is the remainder when 57 is divided by 41?
16
What is the remainder when 1404 is divided by 94?
88
What is the remainder when 74 is divided by 31?
12
What is the remainder when 128 is divided by 22?
18
Calculate the remainder when 1797 is divided by 7.
5
What is the remainder when 1034 is divided by 37?
35
What is the remainder when 52 is divided by 17?
1
Calculate the remainder when 13625 is divided by 177.
173
What is the remainder when 215 is divided by 78?
59
Calculate the remainder when 267 is divided by 27.
24
Calculate the remainder when 357 is divided by 45.
42
What is the remainder when 1299 is divided by 14?
11
Calculate the remainder when 1029 is divided by 150.
129
What is the remainder when 628 is divided by 30?
28
What is the remainder when 994 is divided by 170?
144
Calculate the remainder when 525 is divided by 133.
126
What is the remainder when 9446 is divided by 175?
171
Calculate the remainder when 14 is divided by 9.
5
Calculate the remainder when 423 is divided by 28.
3
Calculate the remainder when 624 is divided by 43.
22
Calculate the remainder when 328 is divided by 83.
79
Calculate the remainder when 1229 is divided by 19.
13
Calculate the remainder when 412 is divided by 5.
2
Calculate the remainder when 1418 is divided by 174.
26
What is the remainder when 363 is divided by 235?
128
Calculate the remainder when 5334 is divided by 67.
41
What is the remainder when 729 is divided by 223?
60
Calculate the remainder when 157 is divided by 68.
21
Calculate the remainder when 58 is divided by 27.
4
Calculate the remainder when 1552 is divided by 119.
5
What is the remainder when 549 is divided by 11?
10
Calculate the remainder when 1018 is divided by 10.
8
Calculate the remainder when 2897 is divided by 145.
142
Calculate the remainder when 1922 is divided by 37.
35
Calculate the remainder when 256 is divided by 128.
0
Calculate the remainder when 329 is divided by 10.
9
What is the remainder when 48383 is divided by 12?
11
Calculate the remainder when 270 is divided by 39.
36
What is the remainder when 21222 is divided by 15?
12
Calculate the remainder when 502 is divided by 63.
61
What is the remainder when 92 is divided by 66?
26
What is the remainder when 129 is divided by 66?
63
What is the remainder when 433 is divided by 48?
1
What is the remainder when 99 is divided by 22?
11
What is the remainder when 43 is divided by 16?
11
What is the remainder when 179 is divided by 37?
31
What is the remainder when 76 is divided by 13?
11
What is the remainder when 112 is divided by 74?
38
What is the remainder when 104 is divided by 84?
20
Calculate the remainder when 90 is divided by 36.
18
Calculate the remainder when 302 is divided by 102.
98
What is the remainder when 410 is divided by 5?
0
What is the remainder when 81 is divided by 70?
11
What is the remainder when 118 is divided by 17?
16
Calculate the remainder when 9186 is divided by 24.
18
Calculate the remainder when 307 is divided by 62.
59
Calculate the remainder when 201 is divided by 88.
25
Calculate the remainder when 2598 is divided by 431.
12
What is the remainder when 857 is divided by 26?
25
Calculate the remainder when 950 is divided by 17.
15
Calculate the remainder when 1130 is divided by 126.
122
What is the remainder when 351 is divided by 25?
1
Calculate the remainder when 2392 is divided by 1188.
16
Calculate the remainder when 2894 is divided by 40.
14
Calculate the remainder when 561 is divided by 134.
25
Calculate the remainder when 575 is divided by 64.
63
Calculate the remainder when 1143 is divided by 44.
43
Calculate the remainder when 626 is divided by 10.
6
Calculate the remainder when 1079 is divided by 24.
23
Calculate the remainder when 637 is divided by 117.
52
Calculate the remainder when 131 is divided by 24.
11
What is the remainder when 1931 is divided by 408?
299
Calculate the remainder when 839 is divided by 6.
5
What is the remainder when 2549 is divided by 22?
19
Calculate the remainder when 824 is divided by 116.
12
Calculate the remainder when 657 is divided by 181.
114
Calculate the remainder when 43 is divided by 12.
7
What is the remainder when 1244 is divided by 590?
64
What is the remainder when 103 is divided by 48?
7
What is the remainder when 96 is divided by 65?
31
What is the remainder when 544 is divided by 48?
16
Calculate the remainder when 74 is divided by 45.
29
What is the remainder when 2188 is divided by 110?
98
What is the remainder when 2342 is divided by 778?
8
Calculate the remainder when 5 is divided by 1.
0
Calculate the remainder when 94 is divided by 42.
10
What is the remainder when 140 is divided by 40?
20
What is the remainder when 388 is divided by 21?
10
What is the remainder when 395 is divided by 19?
15
What is the remainder when 1891 is divided by 628?
7
What is the remainder when 86 is divided by 8?
6
Calculate the remainder when 532 is divided by 41.
40
Calculate the remainder when 82 is divided by 21.
19
Calculate the remainder when 1950 is divided by 16.
14
Calculate the remainder when 42 is divided by 11.
9
Calculate the remainder when 261 is divided by 24.
21
Calculate the remainder when 291 is divided by 42.
39
Calculate the remainder when 203 is divided by 119.
84
What is the remainder when 1254 is divided by 40?
14
Calculate the remainder when 490 is divided by 6.
4
What is the remainder when 1261 is divided by 73?
20
What is the remainder when 1544 is divided by 567?
410
What is the remainder when 3676 is divided by 917?
8
Calculate the remainder when 796 is divided by 17.
14
What is the remainder when 575 is divided by 66?
47
Calculate the remainder when 504 is divided by 19.
10
Calculate the remainder when 2679 is divided by 459.
384
What is the remainder when 613 is divided by 127?
105
What is the remainder when 5828 is divided by 265?
263
Calculate the remainder when 275 is divided by 56.
51
Calculate the remainder when 62 is divided by 15.
2
What is the remainder when 1530 is divided by 32?
26
Calculate the remainder when 81 is divided by 29.
23
What is the remainder when 9 is divided by 1?
0
What is the remainder when 60 is divided by 4?
0
Calculate the remainder when 1613 is divided by 1607.
6
What is the remainder when 60 is divided by 34?
26
What is the remainder when 1393 is divided by 192?
49
What is the remainder when 229 is divided b